hen 858 is divided by 144.
138
What is the remainder when 983 is divided by 168?
143
Calculate the remainder when 79 is divided by 61.
18
Calculate the remainder when 423 is divided by 86.
79
Calculate the remainder when 56 is divided by 22.
12
What is the remainder when 768 is divided by 54?
12
What is the remainder when 1496 is divided by 92?
24
What is the remainder when 393 is divided by 19?
13
What is the remainder when 17368 is divided by 101?
97
Calculate the remainder when 3362 is divided by 37.
32
What is the remainder when 445 is divided by 143?
16
Calculate the remainder when 4504 is divided by 17.
16
What is the remainder when 794 is divided by 265?
264
What is the remainder when 329 is divided by 68?
57
Calculate the remainder when 745 is divided by 114.
61
What is the remainder when 11229 is divided by 54?
51
Calculate the remainder when 3563 is divided by 85.
78
What is the remainder when 12 is divided by 4?
0
What is the remainder when 451 is divided by 205?
41
Calculate the remainder when 819 is divided by 75.
69
What is the remainder when 1553 is divided by 128?
17
Calculate the remainder when 150 is divided by 4.
2
Calculate the remainder when 26770 is divided by 97.
95
What is the remainder when 3885 is divided by 67?
66
What is the remainder when 1012 is divided by 249?
16
Calculate the remainder when 326 is divided by 76.
22
What is the remainder when 2062 is divided by 208?
190
Calculate the remainder when 241 is divided by 31.
24
What is the remainder when 132 is divided by 10?
2
What is the remainder when 116 is divided by 28?
4
Calculate the remainder when 2346 is divided by 27.
24
What is the remainder when 722 is divided by 27?
20
What is the remainder when 169 is divided by 17?
16
Calculate the remainder when 43 is divided by 5.
3
Calculate the remainder when 46318 is divided by 40.
38
What is the remainder when 127 is divided by 82?
45
Calculate the remainder when 4481 is divided by 37.
4
What is the remainder when 429 is divided by 232?
197
Calculate the remainder when 102 is divided by 31.
9
What is the remainder when 124 is divided by 25?
24
What is the remainder when 412 is divided by 61?
46
Calculate the remainder when 1193 is divided by 64.
41
Calculate the remainder when 1302 is divided by 195.
132
What is the remainder when 768 is divided by 70?
68
Calculate the remainder when 945 is divided by 194.
169
What is the remainder when 132 is divided by 27?
24
What is the remainder when 461 is divided by 77?
76
Calculate the remainder when 90 is divided by 20.
10
What is the remainder when 13 is divided by 6?
1
Calculate the remainder when 90 is divided by 26.
12
Calculate the remainder when 630 is divided by 28.
14
Calculate the remainder when 3570 is divided by 38.
36
What is the remainder when 2199 is divided by 58?
53
Calculate the remainder when 576 is divided by 569.
7
What is the remainder when 828 is divided by 133?
30
What is the remainder when 352 is divided by 85?
12
What is the remainder when 1001 is divided by 3?
2
What is the remainder when 2527 is divided by 172?
119
Calculate the remainder when 132 is divided by 46.
40
What is the remainder when 95 is divided by 4?
3
What is the remainder when 172 is divided by 69?
34
Calculate the remainder when 818 is divided by 41.
39
What is the remainder when 174 is divided by 18?
12
Calculate the remainder when 4299 is divided by 10.
9
What is the remainder when 193 is divided by 3?
1
Calculate the remainder when 811 is divided by 162.
1
Calculate the remainder when 736 is divided by 123.
121
Calculate the remainder when 10897 is divided by 173.
171
What is the remainder when 348 is divided by 67?
13
Calculate the remainder when 617 is divided by 69.
65
What is the remainder when 1059 is divided by 109?
78
Calculate the remainder when 1812 is divided by 4.
0
Calculate the remainder when 403 is divided by 59.
49
What is the remainder when 2029 is divided by 197?
59
Calculate the remainder when 120 is divided by 59.
2
Calculate the remainder when 1100 is divided by 54.
20
What is the remainder when 63 is divided by 38?
25
What is the remainder when 3539 is divided by 77?
74
What is the remainder when 84 is divided by 47?
37
What is the remainder when 534 is divided by 186?
162
Calculate the remainder when 1358 is divided by 7.
0
Calculate the remainder when 1114 is divided by 215.
39
What is the remainder when 1152 is divided by 78?
60
What is the remainder when 395 is divided by 5?
0
Calculate the remainder when 612 is divided by 126.
108
Calculate the remainder when 323 is divided by 6.
5
Calculate the remainder when 3462 is divided by 49.
32
What is the remainder when 187 is divided by 179?
8
What is the remainder when 152 is divided by 20?
12
Calculate the remainder when 4342 is divided by 82.
78
Calculate the remainder when 60 is divided by 31.
29
What is the remainder when 129 is divided by 17?
10
What is the remainder when 366 is divided by 34?
26
Calculate the remainder when 558 is divided by 70.
68
What is the remainder when 1332 is divided by 29?
27
Calculate the remainder when 326 is divided by 55.
51
What is the remainder when 91 is divided by 25?
16
Calculate the remainder when 324 is divided by 156.
12
Calculate the remainder when 564 is divided by 26.
18
What is the remainder when 14281 is divided by 19?
12
Calculate the remainder when 7703 is divided by 13.
7
Calculate the remainder when 1037 is divided by 52.
49
Calculate the remainder when 1723 is divided by 23.
21
Calculate the remainder when 18421 is divided by 302.
301
Calculate the remainder when 556 is divided by 31.
29
What is the remainder when 1640 is divided by 47?
42
Calculate the remainder when 565 is divided by 241.
83
Calculate the remainder when 17 is divided by 14.
3
What is the remainder when 95 is divided by 52?
43
What is the remainder when 179 is divided by 81?
17
Calculate the remainder when 486 is divided by 86.
56
Calculate the remainder when 152 is divided by 42.
26
Calculate the remainder when 279 is divided by 63.
27
Calculate the remainder when 46 is divided by 46.
0
What is the remainder when 412 is divided by 83?
80
What is the remainder when 301 is divided by 45?
31
Calculate the remainder when 279 is divided by 98.
83
What is the remainder when 755 is divided by 36?
35
Calculate the remainder when 574 is divided by 303.
271
Calculate the remainder when 309 is divided by 288.
21
Calculate the remainder when 151 is divided by 17.
15
Calculate the remainder when 109 is divided by 47.
15
What is the remainder when 116 is divided by 17?
14
What is the remainder when 209 is divided by 31?
23
Calculate the remainder when 279 is divided by 10.
9
Calculate the remainder when 583 is divided by 117.
115
Calculate the remainder when 89 is divided by 1.
0
What is the remainder when 15051 is divided by 12?
3
What is the remainder when 7680 is divided by 13?
10
Calculate the remainder when 2796 is divided by 96.
12
Calculate the remainder when 49 is divided by 45.
4
Calculate the remainder when 47 is divided by 25.
22
Calculate the remainder when 102 is divided by 47.
8
Calculate the remainder when 2243 is divided by 448.
3
Calculate the remainder when 127 is divided by 68.
59
What is the remainder when 65 is divided by 26?
13
Calculate the remainder when 972 is divided by 452.
68
What is the remainder when 618 is divided by 68?
6
Calculate the remainder when 114 is divided by 25.
14
What is the remainder when 288 is divided by 275?
13
Calculate the remainder when 4937 is divided by 183.
179
What is the remainder when 758 is divided by 117?
56
What is the remainder when 66 is divided by 10?
6
What is the remainder when 81 is divided by 26?
3
Calculate the remainder when 9549 is divided by 17.
12
What is the remainder when 641 is divided by 216?
209
What is the remainder when 7 is divided by 7?
0
Calculate the remainder when 4462 is divided by 247.
16
What is the remainder when 5981 is divided by 72?
5
What is the remainder when 749 is divided by 30?
29
What is the remainder when 369 is divided by 31?
28
Calculate the remainder when 10 is divided by 4.
2
Calculate the remainder when 816 is divided by 5.
1
What is the remainder when 3261 is divided by 13?
11
Calculate the r